 factors of c(p)?
97
Suppose 4*w + 5*t + 136 = 0, 49 + 79 = -4*w - 3*t. Let p(m) = m**2 + 5*m + 2. Let g be p(7). Let b = g + w. What are the prime factors of b?
3, 19
Let h(m) = -5*m + 47. Let g be h(8). Let v(x) = -2*x**2 + 14*x + 2. Let t be v(g). List the prime factors of (9 - -21)/(t/3).
3, 5
Let v be 5/(-6) + 1 + 1155/(-126). Let u be 14/(-18) - -1 - 1231/v. Suppose -l = -4, -o + u = 4*l - 99. What are the prime factors of o?
2, 5, 11
Let c = 364 - 344. Let h = 45 - c. What are the prime factors of h?
5
Let f(w) = 3*w**2 + 170*w + 9*w**2 - 84*w + w**3 - 76*w - 41. What are the prime factors of f(-10)?
59
Let q = 14 - 11. Let m be (q/2)/(30/580). Suppose -33*f + 836 = -m*f. What are the prime factors of f?
11, 19
Suppose 0 = 29*f - 33*f + 10184. Let p = f + -1802. List the prime factors of p.
2, 3, 31
Let c(w) = -27 - w**3 - 24 - 21 - 18 + 99 - 58*w + 29*w**2. List the prime factors of c(24).
3, 499
Let m(a) be the first derivative of a + 12. Let f(g) = -g**2 + 13*g - 3. Let z(v) = f(v) - m(v). List the prime factors of z(8).
2, 3
Suppose 0 = 13*c + 10638 + 5118. Let v be c/(3/(3/(-2))). Suppose -3*o - v = -9*o. List the prime factors of o.
101
What are the prime factors of ((-13156)/77 + -10)*-49?
2, 3, 7, 211
Let a = -27 - -21. Let k(r) = -147*r**2 + 3*r - 6. Let v be k(a). List the prime factors of 4/(-34) - v/102.
2, 13
Let u(b) be the second derivative of -b**4/12 - 25*b**3/3 + 33*b**2 + 120*b. What are the prime factors of u(-20)?
2, 3, 37
Suppose -27*b + 57*b = 60720. List the prime factors of b.
2, 11, 23
Let s(a) = 2*a**2 + 32*a - 36. Let l be s(-17). List the prime factors of (-138 - 6/l)*-1.
3, 5
Let k be 26/(-182) + 54/(-14). What are the prime factors of 1864/52 - k/26?
2, 3
Let t(l) = -l**3 + 21*l**2 + 20*l - 1. What are the prime factors of t(11)?
1429
Let c(l) = -l**3 - 8*l**2 - 6*l + 4. Let k be c(-7). Let o be 2 + (-4 - 12/k). List the prime factors of (o/(-6))/((-7)/546).
2, 13
Let p(w) = 3 - 1 - 418*w**2 - 192*w + 190*w. Let t be p(1). List the prime factors of (-2)/4 + t/(-4).
2, 13
Let j be ((-56)/6)/((-2)/(-6)*-2). What are the prime factors of (4/10)/(j/14980)?
2, 107
List the prime factors of (144252/54 - 12)/(-1*(-1)/9).
2, 3, 3989
Let j be 12264/10 + 1 + 76/(-190). Suppose -5*h + j + 2123 = 0. What are the prime factors of h?
2, 5, 67
Let f(o) be the second derivative of o**3/6 + 9*o**2/2 - 19*o. Let p be f(-5). Suppose 0 = 2*t + 3*l - 133, 3*t - l - 207 = -p*l. List the prime factors of t.
2, 37
Let u(f) = -11*f**2 - 33*f - 20. Let q(s) = -s**2 - 2*s. Let k(z) = 5*q(z) - u(z). List the prime factors of k(-7).
3, 17
Let d(b) = -7*b + 2. Let j be d(0). Suppose -h + 24 = -4*u + 2*u, 4*h - 66 = j*u. What are the prime factors of 1642/h + (48/(-42))/4?
3, 13
Let u(m) = 333*m + 11396. What are the prime factors of u(90)?
2, 13, 37, 43
Suppose -3*a + 315 = -a - 5*g, -5*g = 2*a - 285. Suppose 2*c - t - 54 = 0, 2*t = -4*c + 108 + 8. Suppose 26*p = c*p - a. What are the prime factors of p?
3, 5
Suppose 0 = -s - 7, -s - 68135 = -5*c + 42187. What are the prime factors of c?
22063
Let z be (-6)/(-7)*2597/106. Let s(t) = 17*t**2 + 3*t**2 + 25*t - 4*t + 30 - t**3. What are the prime factors of s(z)?
2, 3, 5
Let y be (-270)/65 + 4/26. List the prime factors of (2/6)/((y/4)/(-951)).
317
Suppose 15*j + 108 = 27*j. Suppose j*q + 1125 = m + 14*q, 3*m - 4*q = 3337. What are the prime factors of m?
5, 223
Let q be 2 - 3 - -1*3. Suppose -4*n + 25 = 3*o + q*o, -2*o = -4*n - 10. Suppose o*l - 5*f = 310, -3*l = l + 5*f - 221. What are the prime factors of l?
59
Let v = 22 + -24. Let t(p) = -2*p + 4*p**2 - 2*p + 3 + 10*p + 0. What are the prime factors of t(v)?
7
Suppose -3*x = -g - g + 23588, -3*g + x = -35403. What are the prime factors of g?
11, 29, 37
Suppose 0 = -2*m - 2*z + 6524, 5*z = -m + 3*z + 3261. Suppose 13*j + 0*j - m = 0. What are the prime factors of j?
251
Let o(u) = -61*u + 688. What are the prime factors of o(-17)?
3, 5, 23
Let f(r) = -3 - 2 + 4*r - 12*r**2 + 33*r**2. Let p be f(3). Suppose -4*y + p = -b, -y + 0*y + 3*b + 49 = 0. What are the prime factors of y?
7
Suppose 5*m - 10 = 0, -5*i = 2*m - 17 + 4228. Let k = -190 - i. Suppose -8*o + k = -555. What are the prime factors of o?
151
Suppose 2*w = -3*p + 35, 5*p = 3*w - 69 - 12. Let z = -894 + 1638. List the prime factors of -5*4/(-110) + z/w.
2, 17
Suppose -7*c = -5*c - 20. Suppose 0 = -c*n + 3020 - 100. What are the prime factors of n?
2, 73
Let u be -1 - ((-3)/(-4))/(12/48). What are the prime factors of u + 14/2 - (-2709)/3?
2, 3, 151
Suppose -95*r + 152700 = -35*r. List the prime factors of r.
5, 509
Let y be ((-1302)/12 - 3)*-6. List the prime factors of 0*2/12 + y.
3, 223
Let i(u) = -2*u**3 + 65*u**2 + 68*u - 9. List the prime factors of i(22).
61, 191
Let k(q) = q**2 - 5*q + 67. Let c(p) = 3*p**2 - 12*p + 25. Let t be c(3). List the prime factors of k(t).
3
Suppose -17*g + 351231 = 142*g. List the prime factors of g.
47
Let c(d) = -3*d - 20. Suppose 2*f - 6*q = -10*q - 2, 0 = 2*f - 4*q + 26. Let i be c(f). What are the prime factors of ((-5)/(-4) + -1)*172*i?
43
Suppose -2*i - 3*n + 106 = -2*n, -52 = -i - n. What are the prime factors of (-66)/(-8)*1440/i?
2, 5, 11
Let h(x) = 31*x + 8*x**2 + 11*x**2 + 223 - 15*x**2. What are the prime factors of h(-17)?
2, 3, 71
Let a(j) = 2*j**2 + 3. Let h be a(0). Let z(s) = 15*s**2 - 3*s - 1. Let r be z(h). Let f = 4 + r. List the prime factors of f.
3, 43
Let w(b) = -b**3 - 27*b**2 - 27*b - 507. What are the prime factors of w(-34)?
11, 773
Suppose 114*p - 54*p - 14*p = 69184. What are the prime factors of p?
2, 47
List the prime factors of (4244 + 10)/(9/(-24))*(-20)/8.
2, 5, 709
Suppose 19*q + 2050419 - 802347 = 103*q. What are the prime factors of q?
2, 17, 19, 23
Let h = 28635 - 16920. What are the prime factors of h?
3, 5, 11, 71
Suppose 206 = -b - 2*y + 841, -b = -3*y - 610. Let r = b - 351. What are the prime factors of r?
2, 137
Suppose 0 = 3*u - 10 - 23. Suppose -4*y - 2*w + 4 = -26, -2*y = 5*w - u. Let q(k) = -k**2 + 11*k - 18. List the prime factors of q(y).
2, 3
Suppose -620 = -4*j - y + 185, 0 = -5*j + 2*y + 1016. Suppose 206*z = j*z + 1180. What are the prime factors of z?
5, 59
Suppose -8*k + 9*k = -1. Let p be 33/k + -7 + 6. Let l = 45 + p. List the prime factors of l.
11
Suppose 8*y - 2708 - 4746 = -1446. List the prime factors of y.
751
Suppose 0 = -12*a - 2*a + 840. Let i be (-836)/(-7) + a/105. What are the prime factors of 13/(182/i)*7?
2, 3, 5
Suppose -n = -4*v - 19645, -n = 2167*v - 2163*v - 19645. List the prime factors of n.
5, 3929
Suppose 3*y + 310 = 64. Let z = 134 + y. Let s = 5 + z. List the prime factors of s.
3, 19
Suppose 3*h - n = 53, 4*n + 36 = 5*h - 64. Suppose -19*o - h = -17*o. What are the prime factors of o/(-44) + -3 + 1844/22?
3
Let y = 1328 - 1122. List the prime factors of y.
2, 103
Let k = 42902 - 2179. What are the prime factors of k?
193, 211
Let k(w) = w - 17. Let x be k(17). Let f(i) = x*i + 7*i**2 - i**3 + 12 - 3*i + 5*i. List the prime factors of f(5).
2, 3
List the prime factors of ((-9)/(-12))/3 + 14/((-616)/(-850905)).
83, 233
Suppose -4*j - 46 = 3*w, -28 = 4*w + 4*j + 28. What are the prime factors of ((-2768)/(-40))/((-21)/w + -2)?
2, 173
Suppose 2*t = l - 13, 3*l = -2*t - 8 + 55. Suppose l*n = 3*n + 6036. List the prime factors of n.
503
Suppose -4*j - 5*u - 11 = -4*u, 2 = -4*j + 2*u. Let a(x) = -394*x - 29. List the prime factors of a(j).
3, 11, 23
Let k(h) = 9*h**3 - 45*h**2 - 32*h + 6. Let y(i) = 5*i**3 - 22*i**2 - 16*i + 3. Let u(t) = -6*k(t) + 11*y(t). What are the prime factors of u(-27)?
2, 3, 7
Suppose -109*v + 539572 = -32046 - 429656. List the prime factors of v.
2, 3, 1531
Let j(h) = -h**3 + 8*h**2 + 96*h - 299. What are the prime factors of j(-36)?
53269
Let l(s) = 5*s**2 - 45*s + 2188. What are the prime factors of l(52)?
2, 3, 557
Let w(p) = 3*p**2 + 15*p + 3. Let s be w(-5). Suppose 0 = -s*f + x + 3013, -x - x - 996 = -f. List the prime factors of f.
2, 503
Let b(f) = -5*f - 9*f**2 + 2 + 1 - f + 4*f**2. Let p be b(5). Let m = p - -224. What are the prime factors of m?
2, 3
Let s(g) = g - 25. Let c(j) = 1 + 12 + j - 14. Let b(f) = -3*c(f) + s(f). What are the prime factors of b(-13)?
2
Let w be (-3)/((9/(-66))/(-1)). Let y = -19 - w. Suppose -4*